digit of 456472661?
4
What is the ten millions digit of 671753147?
7
What is the ten millions digit of 1686399877?
8
What is the millions digit of 715705876?
5
What is the units digit of 103987493?
3
What is the ten millions digit of 25339299?
2
What is the ten millions digit of 113585276?
1
What is the millions digit of 612362557?
2
What is the ten millions digit of 357898704?
5
What is the hundred millions digit of 7847312578?
8
What is the ten thousands digit of 3291556459?
5
What is the ten thousands digit of 12579395?
7
What is the millions digit of 5297837764?
7
What is the ten thousands digit of 59831396?
3
What is the thousands digit of 59428309?
8
What is the hundred thousands digit of 5810269?
8
What is the tens digit of 369461083?
8
What is the thousands digit of 325407335?
7
What is the hundred millions digit of 129681867?
1
What is the units digit of 725615020?
0
What is the tens digit of 49352144?
4
What is the tens digit of 38921892?
9
What is the hundreds digit of 357778002?
0
What is the billions digit of 3280134868?
3
What is the hundreds digit of 33091765?
7
What is the tens digit of 28181360?
6
What is the hundreds digit of 1483402200?
2
What is the ten thousands digit of 59110489?
1
What is the billions digit of 1323764540?
1
What is the ten millions digit of 56742965?
5
What is the millions digit of 1159124625?
9
What is the ten millions digit of 64483435?
6
What is the ten thousands digit of 312938619?
3
What is the billions digit of 2666949739?
2
What is the units digit of 6973811757?
7
What is the billions digit of 1585031465?
1
What is the hundred thousands digit of 2115285524?
2
What is the tens digit of 4944847560?
6
What is the thousands digit of 30154371?
4
What is the hundred thousands digit of 15257250?
2
What is the hundred thousands digit of 789090428?
0
What is the billions digit of 1535062093?
1
What is the millions digit of 715100723?
5
What is the hundred millions digit of 599669232?
5
What is the thousands digit of 80360498?
0
What is the ten millions digit of 632971635?
3
What is the tens digit of 77634656?
5
What is the hundreds digit of 3770419?
4
What is the hundreds digit of 52759170?
1
What is the hundred thousands digit of 67236735?
2
What is the ten millions digit of 3427359437?
2
What is the ten thousands digit of 2193039319?
3
What is the hundreds digit of 1167443642?
6
What is the ten thousands digit of 42473218?
7
What is the hundreds digit of 2438206064?
0
What is the hundred millions digit of 4535566957?
5
What is the thousands digit of 195308457?
8
What is the ten millions digit of 94331203?
9
What is the hundred thousands digit of 597448012?
4
What is the hundred thousands digit of 46393846?
3
What is the ten millions digit of 472823786?
7
What is the hundreds digit of 155969189?
1
What is the tens digit of 11492487?
8
What is the hundreds digit of 64593769?
7
What is the millions digit of 10620138?
0
What is the ten thousands digit of 26142177?
4
What is the ten thousands digit of 62420341?
2
What is the hundred millions digit of 254506183?
2
What is the ten thousands digit of 354763314?
6
What is the hundreds digit of 3811426702?
7
What is the hundreds digit of 365392029?
0
What is the millions digit of 410150550?
0
What is the units digit of 3319638429?
9
What is the thousands digit of 782164874?
4
What is the hundreds digit of 573972162?
1
What is the thousands digit of 69680339?
0
What is the ten thousands digit of 153960388?
6
What is the thousands digit of 5286942?
6
What is the hundreds digit of 2031617691?
6
What is the hundred thousands digit of 138474571?
4
What is the units digit of 411816111?
1
What is the hundred thousands digit of 38640210?
6
What is the units digit of 24577721?
1
What is the ten thousands digit of 2755597203?
9
What is the ten millions digit of 5749369105?
4
What is the ten thousands digit of 351285726?
8
What is the hundred millions digit of 643232787?
6
What is the ten millions digit of 227076000?
2
What is the ten millions digit of 14713881?
1
What is the hundred millions digit of 133818366?
1
What is the ten thousands digit of 747421573?
2
What is the hundred thousands digit of 118144104?
1
What is the millions digit of 5763814730?
3
What is the tens digit of 46959315?
1
What is the units digit of 409382641?
1
What is the thousands digit of 2548623733?
3
What is the units digit of 8924459?
9
What is the hundreds digit of 2672932831?
8
What is the thousands digit of 442138015?
8
What is the hundred thousands digit of 33008617?
0
What is the tens digit of 47093307?
0
What is the hundreds digit of 182090325?
3
What is the ten thousands digit of 37093514?
9
What is the hundreds digit of 1663542892?
8
What is the hundred thousands digit of 1101477276?
4
What is the millions digit of 134142412?
4
What is the ten thousands digit of 102762202?
6
What is the millions digit of 975930759?
5
What is the ten millions digit of 292380031?
9
What is the tens digit of 132985718?
1
What is the hundred thousands digit of 1061955978?
9
What is the millions digit of 141134052?
1
What is the thousands digit of 209935614?
5
What is the tens digit of 34888665?
6
What is the hundred thousands digit of 69259945?
2
What is the ten thousands digit of 98256459?
5
What is the ten thousands digit of 5587608130?
0
What is the units digit of 1159704314?
4
What is the ten thousands digit of 10528969?
2
What is the hundreds digit of 604951786?
7
What is the thousands digit of 187183389?
3
What is the hundred millions digit of 474579964?
4
What is the ten thousands digit of 24651019?
5
What is the thousands digit of 202378710?
8
What is the hundred millions digit of 578349541?
5
What is the hundred thousands digit of 19975132?
9
What is the hundreds digit of 17149995?
9
What is the tens digit of 117696761?
6
What is the ten thousands digit of 72809349?
0
What is the billions digit of 6593536450?
6
What is the billions digit of 1849680251?
1
What is the hundred millions digit of 6308137239?
3
What is the units digit of 1673809848?
8
What is the thousands digit of 19757535?
7
What is the millions digit of 247005563?
7
What is the tens digit of 60374524?
2
What is the thousands digit of 939368729?
8
What is the ten millions digit of 938749223?
3
What is the millions digit of 38065411?
8
What is the hundred millions digit of 1412513806?
4
What is the ten millions digit of 177585708?
7
What is the ten millions digit of 55161005?
5
What is the thousands digit of 5156111233?
1
What is the hundred thousands digit of 198530751?
5
What is the hundred thousands digit of 123579135?
5
What is the hundreds digit of 20375123?
1
What is the ten thousands digit of 1336101574?
0
What is the thousands digit of 197250305?
0
What is the hundreds digit of 195965173?
1
What is the hundreds digit of 40131977?
9
What is the tens digit of 70937082?
8
What is the ten thousands digit of 587150?
8
What is the ten thousands digit of 658201533?
0
What is the tens digit of 2629597058?
5
What is the units digit of 96033113?
3
What is the ten millions digit of 421877699?
2
What is the hundred millions digit of 288799900?
2
What is the ten thousands digit of 213575580?
7
What is the ten thousands digit of 61149800?
4
What is the tens digit of 88563213?
1
What is the ten millions digit of 29295108?
2
What is the millions digit of 70779685?
0
What is the hundred thousands digit of 3296317337?
3
What is the billions digit of 1983497384?
1
What is the hundred millions digit of 366951085?
3
What is the hundred millions digit of 603633179?
6
What is the tens digit of 24988949?
4
What is the millions digit of 34242267?
4
What is the ten millions digit of 89208627?
8
What is the millions digit of 69516959?
9
What is the units digit of 121249528?
8
What is the units digit of 2222084470?
0
What is the tens digit of 3067385177?
7
What is the hundred millions digit of 143898224?
1
What is the tens digit of 258042054?
5
What is the hundreds digit of 19486586?
5
What is the hundreds digit of 579965044?
0
What is the ten thousands digit of 903675236?
7
What is the ten thousands digit of 2047432038?
3
What is the hundreds digit of 3264373?
3
What is the billions digit of 2360439562?
2
What is the units digit of 55681955?
5
What is th